ommon factor of h and 20?
20
Suppose -5*f = -2*s + 118, 3*f + 24 = 2*s - 86. What is the greatest common divisor of s and 392?
49
Let p = -28 - -36. Let y(o) = o**3 - 6*o**2 - 11*o - 5. Let f be y(p). Let b = 6 + -1. Calculate the greatest common divisor of b and f.
5
Let z(c) = c**3 - 20*c**2 - 22*c + 23. Let r be z(21). Suppose 10*p = -r*p + 240. Calculate the greatest common factor of 8 and p.
4
Suppose 3*y - 2*o - 91 - 535 = 0, -4*y = -5*o - 830. Let j = 128 - 86. Calculate the greatest common divisor of y and j.
42
Suppose -5*u - 4*v = -1840, 3*u = -5*v + 1044 + 47. Calculate the greatest common factor of u and 12.
12
Let f(n) = 7*n**2 + 2*n + 14. Let l be f(-6). Let s = l - 111. What is the highest common divisor of 13 and s?
13
Suppose 28*w - 3936 + 492 = 0. What is the greatest common factor of w and 3813?
123
Suppose 2*u + 164 = 43*u. What is the greatest common factor of 26 and u?
2
Let f be (781/(-77) + 11)/(2/294). Calculate the greatest common factor of 36 and f.
18
Suppose m + 8 = -2*n - 3*m, -6 = 2*m. Let d(i) = 12*i - 20. Let t be d(19). Let z be (-134)/(-26) + (-32)/t. What is the highest common divisor of n and z?
1
Suppose 0 = 2*a + 3*u + 3 - 5, 4*a - 16 = -3*u. Let x(h) = 78*h**2 - 1. Let l = 19 - 18. Let s be x(l). What is the highest common divisor of a and s?
7
Let q = -757 + 1120. Calculate the greatest common divisor of q and 968.
121
Let r be 0/(1 + 3*-2 + 3). Suppose 3*k + 2*n + n - 513 = r, 3*n = -4*k + 683. What is the highest common factor of k and 68?
34
Let n(k) = -4*k**2 - 171*k - 102. Let g be n(-42). What is the greatest common factor of g and 108?
12
Suppose -3*z - 27 = -3. Suppose -140 = -2*s - 3*s. Let w = z + s. What is the greatest common factor of w and 20?
20
Let d be 3 + (65 + 5 - (-2 + 2)). Let y = d + -44. Calculate the greatest common divisor of y and 29.
29
Let y = 40 - -5. Let l(h) = 2*h + 35. Let x be l(-13). What is the highest common factor of y and x?
9
Let h be (-18)/(-8) + -2 - 12648/(-96). What is the highest common divisor of 198 and h?
66
Let v(s) = -13*s + 92. Let n be v(6). What is the highest common factor of 2 and n?
2
Suppose -68 = -4*z + 3*v, 3*v + 48 = 3*z - 0. Let y(j) = -j**2 - j + 11. Let b be y(0). Let n = z - b. What is the greatest common divisor of 9 and n?
9
Let w = 15 + -3. Let o be ((-10)/(-4))/(6/w). Suppose -80 = -10*d + o*d. Calculate the greatest common divisor of 112 and d.
16
Suppose j - 4 = 8. Let p(y) = 12*y**2. Let a be p(-1). What is the highest common divisor of j and a?
12
Let m be (-60)/510 + 104/17. What is the greatest common factor of m and 6?
6
Suppose -11*u = 91 - 575. Suppose 60 - 5 = -5*g. Let d = -7 - g. What is the highest common factor of u and d?
4
Suppose -20 - 10 = 5*f. Let d be (-28)/f + (-1)/(-3). Let c = -35825 - -35870. What is the greatest common factor of c and d?
5
Suppose -13 = -q + 2*b + 23, 0 = 3*b + 9. Let p be 5*(17 + 4/(-2)). What is the greatest common divisor of q and p?
15
Let o be 392/48 - (-2)/(-12) - 4. Calculate the greatest common divisor of o and 148.
4
Suppose k - 49*s + 54*s - 630 = 0, -k = 3*s - 636. What is the greatest common divisor of 75 and k?
15
Suppose 5*b = 42*b - 1110. Calculate the greatest common divisor of b and 150.
30
Suppose -4*x = -2*k - 278, -23*x + 3*k = -19*x - 277. Calculate the greatest common factor of x and 28.
14
Let d(o) = o**2 + 7*o + 34. Let l be d(-6). What is the greatest common divisor of l and 14?
14
Suppose -2*p + 4*o = o - 2, 30 = 5*p + 5*o. Suppose 0 = -p*l + 5 + 19. Let q be 4/l*558/6. What is the highest common factor of q and 31?
31
Suppose -43*y + 424 = 37. Calculate the highest common divisor of y and 189.
9
Let v be (11 + (0 - -1))*(7 + -6). Suppose h - 6*h + 60 = 0. What is the highest common divisor of h and v?
12
Suppose 40 = 5*x + 5*u, -9 = -x - 2*u + 3. Calculate the highest common divisor of 50 and x.
2
Suppose 2*k - 78 = -5*o, -2*k + 22 = o - 0*k. Suppose a - 5*y = -4, -4*a + 3*y = -y - 64. Calculate the highest common factor of a and o.
7
Suppose w - 13 = 2*s, -9*w = -6*w + 3*s - 12. Let u = 100 + -37. Let l = u + -42. Calculate the highest common factor of w and l.
7
Suppose 0 = 254*d - 272*d + 6048. What is the highest common divisor of 18 and d?
6
Suppose -5*y = -2*z + 19, 3*z + 10*y - 11*y - 9 = 0. Calculate the highest common factor of z and 11.
1
Suppose -2*z + 54 = 4*l, z - 6*z - l = -144. Suppose -2*b = -z - 5. Let q = -1 - -18. Calculate the greatest common divisor of q and b.
17
Let p = -453 + 597. Let w = 40 - 24. Calculate the highest common factor of w and p.
16
Let n be (-9)/(-12)*6*2. Let s be 213/n + 1/3. Suppose 5*l - 34 - 26 = 0. Calculate the greatest common divisor of s and l.
12
Suppose -4 = b - 8. Suppose -n + 8 = b. What is the highest common factor of n and 6?
2
Suppose -135*a = -89*a - 1518. Suppose -5*d = -23 - 32. What is the highest common divisor of a and d?
11
Let k = -514 + 539. Calculate the greatest common factor of 45 and k.
5
Let a be 10/4*2752/80. What is the highest common factor of a and 387?
43
Let a = -13 + 143. What is the highest common factor of 104 and a?
26
Suppose 5*c = z - 6, c - 6*c + 42 = 2*z. Let y = 500 - 396. Calculate the highest common divisor of z and y.
8
Let s(m) = 2*m - 1. Let c be (33/(-11))/(1*-1). Let f be s(c). Let w = 7 + f. What is the highest common factor of 108 and w?
12
Let n(d) = 6*d + 49. Let a be n(6). What is the greatest common factor of a and 68?
17
Suppose 0 = 5*i - 5 - 0. Suppose 0*j - i = -j. Calculate the highest common factor of 8 and j.
1
Let u be 780/(-14) - (-6)/(-21). Let w be ((-624)/u - 6)/(4/42). Calculate the highest common divisor of 18 and w.
18
Let i = 313 + -193. Calculate the highest common divisor of 15 and i.
15
Let f be 1 + -4 + 4 + 1. Suppose k = f*v - 26, -3*k + 37 + 5 = 2*v. Let g = -94 + 214. Calculate the highest common divisor of v and g.
15
Let h = -1175 - -2345. Calculate the greatest common divisor of 20 and h.
10
Let i = -11 + 98. What is the highest common factor of i and 145?
29
Suppose -3*v + 340 - 34 = 0. What is the greatest common factor of 12 and v?
6
Suppose y = -4*y - 10. Let m(l) = -l**3 - l**2 + l + 4. Let w be m(y). What is the highest common divisor of 16 and w?
2
Suppose -1125 = -d - 3*b, 2*d = 4*d - 5*b - 2272. Calculate the highest common factor of 116 and d.
29
Let n = 133 + -89. Let q(d) = d. Let x = 3 - -1. Let w be q(x). What is the highest common factor of n and w?
4
Suppose 2*p - 3*p = 3*o - 20, 0 = 5*p + 20. Suppose -110 = -10*c + o*c. Suppose z + 2*n = 5*n + 22, 22 = z - 4*n. What is the highest common factor of z and c?
11
Let t(c) = -c**2 - 5*c + 6. Let p be t(-7). Let q = 14 + -5. Let d = p + q. Calculate the greatest common divisor of 8 and d.
1
Let d = -39 - -104. Suppose 3*y + 0*q + 3*q = -162, -2*q = -y - 45. Let z be 6/y - 446/(-34). Calculate the greatest common divisor of d and z.
13
Let k(v) = -5*v. Let p be k(0). Let j(x) = 2*x**2 + 6. Let q be j(p). Calculate the highest common factor of 4 and q.
2
Let z = 1639 + -1171. Let x = -324 + z. What is the greatest common divisor of 18 and x?
18
Suppose -6 + 2 = j. Let m be (-66)/18 + j/(-6) + 9. Let k be 30*(-1 + -3 + 5). What is the greatest common factor of m and k?
6
Let o be 98/2 - 23/((-46)/4). Calculate the greatest common divisor of 6 and o.
3
Suppose -2*a - 20 = -5*o, -2*o = 8*a - 3*a + 21. Let n be (-316)/a - 7/35. Calculate the highest common factor of n and 21.
21
Let q(h) = h**3 - 7*h**2 + 6*h + 13. Let x be q(6). Let n = -917 + 1539. Let j be (-1)/(-6) - n/(-12). What is the highest common divisor of j and x?
13
Let u = -18 + -20. Let w be -1*((-282)/3 + 0). Let d = w - u. Calculate the greatest common divisor of d and 12.
12
Suppose -28*t + 2467 = 535. What is the highest common factor of t and 2967?
69
Let l be (4/(-8))/(5/10). Let r be 35 + 2 - 1/(-1)*l. What is the greatest common factor of 36 and r?
36
Suppose 462*q - 497*q + 2730 = 0. Calculate the highest common factor of 6 and q.
6
Let r = -91 + 142. What is the highest common factor of 408 and r?
51
Let k = 18 + -17. Let z(y) = y**2. Let i be z(k). Let a be 12/(0/1 + i). Calculate the greatest common factor of a and 12.
12
Let v(z) = z**2 + 11*z - 8. Let i be v(-8). Let k be i/(3 - 69/21). Calculate the highest co